er when 168 is divided by p.
54
Suppose 5560*p - 7 = 5561*p, p - 208 = -5*g. What is the remainder when 8770 is divided by g?
41
Let u(a) = -5*a**3 + 24*a**2 + 14*a - 21. What is the remainder when 2157 is divided by u(5)?
21
Suppose g + 4 = 0, -2*l + 2*g = -2*g - 270. Let h = 162 - l. Let o = -142 - -281. Calculate the remainder when o is divided by h.
34
Let c(g) = -64*g + 5636. What is the remainder when 51 is divided by c(88)?
3
Let l = 204 + -147. Calculate the remainder when 1707 is divided by l.
54
Suppose 0 = -4*s - 23*a + 19*a + 128, 0 = 2*s - 4*a - 94. Calculate the remainder when 129 is divided by s.
18
Suppose 54*f + 477 = 63*f. Calculate the remainder when 71 is divided by f.
18
Let f(u) = -9*u**2 - 436*u + 166. What is the remainder when f(-48) is divided by 32?
6
Suppose 4*i = h + 1828, 0 = -i + 3*i + 4*h - 932. What is the remainder when 470 is divided by i?
12
What is the remainder when 1330 is divided by (-28)/(-70) - (-5037)/46*2/15?
10
Suppose 151 = 3*u + h - 0*h, -55 = -u + 2*h. Let v(o) = 4*o + 12. Let s be v(3). What is the remainder when u is divided by (-16)/s - (-58)/6?
6
Suppose 1872 + 3690 = 9*v. Let q = v + -492. What is the remainder when q is divided by 55?
16
Let k = 13188 + -11500. Calculate the remainder when k is divided by 73.
9
Let t(i) = i**3 + 13*i**2 - 5*i - 30. Suppose -3*f + 8*f + 21 = 3*b, -f - 3 = 0. Let w be 2*1*(0 + (-13)/b). Calculate the remainder when t(w) is divided by 12.
11
Let x(r) = 4*r - 21. Let d be x(7). Suppose -45 = -4*k - f, 5*k - 4*f = d + 23. Suppose n - 89 + k = 0. Calculate the remainder when n is divided by 23.
10
Let f = -5413 - -5429. Calculate the remainder when 6991 is divided by f.
15
What is the remainder when 1468 is divided by (-13 - 1206/(-90))*5*82/2?
74
Let l(p) = p**2 - 112*p + 1774. Let w be l(19). Let k(i) = i + 120. Let c be k(0). Suppose -w*d = d - c. What is the remainder when 20 is divided by d?
5
Let v = 61 + -56. Let b(i) = -16*i - v*i + 13 + 8*i - 14*i. What is the remainder when b(-6) is divided by 45?
40
Let k(c) = 46*c**2 + 65*c + 39. What is the remainder when k(-8) is divided by 14?
13
Let s(a) = -4*a**3 - 6*a**2 - 7*a + 55. What is the remainder when s(-7) is divided by 391?
9
Let a = 85 + -32. Let k(t) = 5*t**2 + 15 - t**3 - 4 - 9*t**2 - t + 0*t**2. What is the remainder when a is divided by k(0)?
9
Suppose 2*h + 26 = -2*g - g, -4*g - 5*h = 37. Let i = 15 + g. What is the remainder when 620/i - (-6)/14 is divided by 15?
14
Let s = 4123 + -1986. What is the remainder when s is divided by 271?
240
Let t = 48 + -46. Suppose 3*m + t*m + 365 = 0. What is the remainder when 108 is divided by ((-43)/86)/(m/(-74) - 1)?
34
What is the remainder when (-7)/7 + 194 + -33 is divided by 61?
38
Let i be (-1079)/(-5) - ((-39)/(-5) - 8). Suppose -208*s - 560 = -i*s. Calculate the remainder when 212 is divided by s.
2
Let p(g) = -g**3 + 7*g**2 - 58*g + 390. What is the remainder when 857 is divided by p(6)?
77
Suppose 4*m = 4*b - 136, 0*m - 37 = -b - 2*m. Let n be b/3 - (-5)/15. Suppose -n + 102 = 6*p. Calculate the remainder when 74 is divided by p.
14
Let a be -1 - 11/(11/2). Calculate the remainder when 88 is divided by (60/2)/(a - -4).
28
Let d = 514 + -305. Calculate the remainder when d is divided by (-71)/(-8 + (7 - 0)).
67
Let o = -34861 - -35048. Calculate the remainder when 2420 is divided by o.
176
What is the remainder when 2117 is divided by 2/20*-15*-14?
17
Let a = 9757 - 9522. Calculate the remainder when 2816 is divided by a.
231
Suppose 31 = 7*d - 151. Suppose -16*y + 15*y = -d. Suppose -k + y = -35. What is the remainder when k is divided by 32?
29
Suppose 0 = -89*q - 19058 + 41575. Let s(n) = n**2 - 3*n - 6. Calculate the remainder when q is divided by s(7).
11
Let m = -3 + 23. Let y = 159 - 157. Calculate the remainder when 4*(315/28 - y) is divided by m.
17
Let a(o) = -o**2 + 9*o + 1. Let h(j) = 4*j + 23 + 68 - 139. What is the remainder when h(22) is divided by a(5)?
19
Suppose 485 = 5*y - 0*y. Calculate the remainder when y is divided by (-21)/(-28)*(522/(-1566))/(1/(-68)).
12
Let a = -168 - 93. Let m = a - -272. What is the remainder when 120 is divided by m?
10
Suppose -b + 3*b - 786 = -5*f, -4*f + 1965 = 5*b. Calculate the remainder when b is divided by 365.
28
Let m be (-1 + -5)/(-3) - -41. Suppose -11 = 4*u - m. Let k = 2 - -33. What is the remainder when k is divided by u?
3
Suppose 4 = -2*o, -g = -o - 155 - 36. Suppose 5*r + g = -5*z + 729, -z - 437 = -4*r. Calculate the remainder when r is divided by 16.
13
Let w(a) = a**3 - 4*a**2 + a + 5. Let i be w(4). Let q = -5193 + 5199. What is the remainder when 15 - i/(-4 + 1) is divided by q?
0
Calculate the remainder when 22/18 - 1 - 255/270*-94 is divided by 22.
1
Suppose -34*w + 9 + 127 = 0. Let x be (-10)/(-4) + 2/4. Suppose -3*y - j + 119 = 0, 0 = x*y + y + w*j - 156. Calculate the remainder when y is divided by 21.
19
Suppose -52*l = 305 - 1137. Calculate the remainder when 705 is divided by l.
1
Suppose -5 = -z + q, 0*q = -4*z - 4*q + 52. Let c be (36/10)/(z/60). Suppose c = -3*o + 7*o. Calculate the remainder when 8 is divided by o.
2
Let l = 6390 + -3689. Calculate the remainder when l is divided by 104.
101
Suppose 0 = -8*h - 5*u + 8559, 3*h + 46*u - 50*u = 3192. What is the remainder when h is divided by 531?
6
Suppose -440 = -98*q + 10*q. Let s be (4*-1)/(3/(-30)). Suppose -29 - s = -3*r. Calculate the remainder when r is divided by q.
3
Let s(w) = -14*w**3 + 13*w**2 + 14*w - 24. What is the remainder when 675 is divided by s(-2)?
3
Suppose 0 = -2*m + 4 - 0. Let a(c) = -29*c**3 - c + 2. Let h be a(m). Calculate the remainder when 8/12 + h/(-12) is divided by 7.
6
Suppose 64*s - 681 = -18537. Let q = s - -353. Let d(v) = 3*v**2 + 3*v + 2. Calculate the remainder when q is divided by d(-3).
14
Suppose -5*q = i + 10, -4*q = i - 2*q + 4. Let z = -4318 - -4411. What is the remainder when z is divided by (i + 1)*-1*-24?
21
Suppose -5*s + 269 = 74. Suppose -3*p = -4*k + 169, -4*k + 4*p + 240 = 76. Calculate the remainder when k is divided by s/(-2)*4/(-6).
7
Suppose -19*v - 2*p - 4 = -15*v, -5*v + 23 = -p. Suppose -2*w = -5*c - 248, 27 - 491 = -4*w + 2*c. What is the remainder when w is divided by v?
0
Let p = 653 + -74. What is the remainder when p is divided by 61?
30
Suppose -5*a + 77 - 7 = 0. Suppose 2*l + 3*u - 32 = -3*l, -3*l + 8 = -u. Suppose z - 9 = -l. What is the remainder when a is divided by z?
4
Let s = 566 + -572. Calculate the remainder when 125 is divided by (176/55)/(s/(-30)).
13
Suppose -444*d = -447*d - 3*j + 4353, d = 2*j + 1463. Calculate the remainder when d is divided by 91.
90
Let r(n) = n**3 + 7*n**2 - 5*n + 26. Let t be r(-8). Let f(k) = 23*k - 17. What is the remainder when 85 is divided by f(t)?
27
Let k = -4829 + 5648. What is the remainder when k is divided by 35?
14
Let h(j) = -76*j + 1. Suppose 22 = 7*n + 29. What is the remainder when h(n) is divided by 13?
12
Suppose 5*v - 201 + 56 = 0. Let a = -538 - 259. Calculate the remainder when -2 + a/(-7) - 1/(-7) is divided by v.
25
Suppose -4*b = -2*l - b + 7, 5*l - 40 = 3*b. Let q be (10/15)/2*18. Suppose 2*j = q*j - 3*c - 156, -4*c + 16 = 0. What is the remainder when j is divided by l?
9
Let o = 589 - 526. Suppose 2*t + 2*t = 92. Calculate the remainder when o is divided by t.
17
Let j(i) = -31*i - 60. Let b = -170 + 165. Calculate the remainder when j(b) is divided by 25.
20
What is the remainder when 242 is divided by (11 - 6)*1230/75?
78
Let w(y) = -8*y**3 + 95*y**2 + 11*y + 37. What is the remainder when 1421 is divided by w(12)?
21
Suppose 791 = 7*a + 4*a - 749. Calculate the remainder when a is divided by 32.
12
Suppose 2554 = 74*k - 332. Calculate the remainder when 64 is divided by k.
25
Let l be (1 - 15)*15/6. Let n = 94 + -23. Let v = n + l. Calculate the remainder when 142 is divided by v.
34
Suppose -13*o - 2*o + 1326 = -2*o. Calculate the remainder when 435 is divided by o.
27
Suppose 31*m + 374 = 26*m + 27*m. What is the remainder when (2/3)/(4/582) is divided by m?
12
Let s = 1968 + -1936. Let b(y) = 3*y**2 + 2*y - 13. What is the remainder when b(6) is divided by s?
11
Suppose 0 = 5*r - 20, 0*p = p + 3*r - 19. Suppose 11*n + 17 = 12*n + 4*g, 5*n = -g + 123. What is the remainder when n is di